{"id":72,"date":"2022-11-06T07:44:42","date_gmt":"2022-11-06T07:44:42","guid":{"rendered":"http:\/\/ridsport.kfmconsulting.se\/?page_id=72"},"modified":"2026-01-05T19:07:35","modified_gmt":"2026-01-05T19:07:35","slug":"bli-medlem","status":"publish","type":"page","link":"http:\/\/sgrk.nu\/index.php\/bli-medlem\/","title":{"rendered":"Bli medlem"},"content":{"rendered":"\t\t<div data-elementor-type=\"wp-page\" data-elementor-id=\"72\" class=\"elementor elementor-72\">\n\t\t\t\t\t\t\t\t\t<section class=\"elementor-section elementor-top-section elementor-element elementor-element-591d98c1 elementor-section-boxed elementor-section-height-default elementor-section-height-default\" data-id=\"591d98c1\" data-element_type=\"section\">\n\t\t\t\t\t\t<div class=\"elementor-container elementor-column-gap-default\">\n\t\t\t\t\t<div class=\"elementor-column elementor-col-100 elementor-top-column elementor-element elementor-element-2a6d57d7\" data-id=\"2a6d57d7\" data-element_type=\"column\">\n\t\t\t<div class=\"elementor-widget-wrap elementor-element-populated\">\n\t\t\t\t\t\t\t\t<div class=\"elementor-element elementor-element-270c97b0 elementor-widget elementor-widget-text-editor\" data-id=\"270c97b0\" data-element_type=\"widget\" data-widget_type=\"text-editor.default\">\n\t\t\t\t<div class=\"elementor-widget-container\">\n\t\t\t<style>\/*! elementor - v3.17.0 - 25-10-2023 *\/\n.elementor-widget-text-editor.elementor-drop-cap-view-stacked .elementor-drop-cap{background-color:#69727d;color:#fff}.elementor-widget-text-editor.elementor-drop-cap-view-framed .elementor-drop-cap{color:#69727d;border:3px solid;background-color:transparent}.elementor-widget-text-editor:not(.elementor-drop-cap-view-default) .elementor-drop-cap{margin-top:8px}.elementor-widget-text-editor:not(.elementor-drop-cap-view-default) .elementor-drop-cap-letter{width:1em;height:1em}.elementor-widget-text-editor .elementor-drop-cap{float:left;text-align:center;line-height:1;font-size:50px}.elementor-widget-text-editor .elementor-drop-cap-letter{display:inline-block}<\/style>\t\t\t\t<p>Det \u00e4r l\u00e4tt att bli medlem i SGRK!&nbsp;<span style=\"color: var( --e-global-color-text ); font-family: var( --e-global-typography-text-font-family ), Sans-serif; font-weight: var( --e-global-typography-text-font-weight );\">Man s\u00e4tter bara in medlemsavgiften p\u00e5 SGRKs bg 727-3634.<\/span><\/p>\n<p>Det \u00e4r viktigt att ange namn, adress, telefonnummer, fullst\u00e4ndigt personnummer samt mejladress vid betalning.<br>\u00c4r det begr\u00e4nsat med utrymme att ange alla uppgifter kan man maila kompletterande uppgifter till lina.johansson@sgrk.nu.&nbsp;<\/p>\n<p><span style=\"color: var( --e-global-color-text ); font-family: var( --e-global-typography-text-font-family ), Sans-serif; font-weight: var( --e-global-typography-text-font-weight );\">Avgiften f\u00f6r 2026 \u00e4r f\u00f6r junior 300 kronor och f\u00f6r senior 375 kronor.<\/span><\/p>\n<p><span style=\"color: var( --e-global-color-text ); font-family: var( --e-global-typography-text-font-family ), Sans-serif; font-weight: var( --e-global-typography-text-font-weight );\">Man \u00e4r junior tom det \u00e5r man fyller 18 \u00e5r och fr\u00e5n det \u00e5r man blir 19 \u00e5r r\u00e4knas man som senior.&nbsp;<\/span><span style=\"color: var( --e-global-color-text ); font-family: var( --e-global-typography-text-font-family ), Sans-serif; font-weight: var( --e-global-typography-text-font-weight );\"><br><\/span><\/p>\n<p>I medlemsavgiften ing\u00e5r d\u00e5 den f\u00f6rs\u00e4kringen som Svenska Ridsportf\u00f6rbundet (SvRF) har f\u00f6rhandlat fram med Folksam.<br>Man b\u00f6r se \u00f6ver sitt f\u00f6rs\u00e4kringsskydd n\u00e4r man h\u00e5ller p\u00e5 med v\u00e5ra h\u00e4rliga h\u00e4star. Ibland \u00e4r olyckan snabbt framme. L\u00e4s g\u00e4rna igenom vad f\u00f6r skydd du har genom SvRF <a href=\"https:\/\/ridsport.se\/om-oss\/forsakringar\" data-type=\"URL\" data-id=\"https:\/\/ridsport.se\/om-oss\/forsakringar\">h\u00e4r<\/a>.<\/p>\n<p>Varmt v\u00e4lkomna till v\u00e5r klubb!<\/p>\n<p><!-- \/wp:paragraph --><\/p>\t\t\t\t\t\t<\/div>\n\t\t\t\t<\/div>\n\t\t\t\t\t<\/div>\n\t\t<\/div>\n\t\t\t\t\t\t\t<\/div>\n\t\t<\/section>\n\t\t\t\t\t\t\t<\/div>\n\t\t","protected":false},"excerpt":{"rendered":"<p>Det \u00e4r l\u00e4tt att bli medlem i SGRK!&nbsp;Man s\u00e4tter bara in medlemsavgiften p\u00e5 SGRKs bg 727-3634. Det \u00e4r viktigt att&#8230;<\/p>\n","protected":false},"author":1,"featured_media":0,"parent":0,"menu_order":0,"comment_status":"closed","ping_status":"closed","template":"","meta":{"footnotes":""},"class_list":["post-72","page","type-page","status-publish","hentry"],"_links":{"self":[{"href":"http:\/\/sgrk.nu\/index.php\/wp-json\/wp\/v2\/pages\/72","targetHints":{"allow":["GET"]}}],"collection":[{"href":"http:\/\/sgrk.nu\/index.php\/wp-json\/wp\/v2\/pages"}],"about":[{"href":"http:\/\/sgrk.nu\/index.php\/wp-json\/wp\/v2\/types\/page"}],"author":[{"embeddable":true,"href":"http:\/\/sgrk.nu\/index.php\/wp-json\/wp\/v2\/users\/1"}],"replies":[{"embeddable":true,"href":"http:\/\/sgrk.nu\/index.php\/wp-json\/wp\/v2\/comments?post=72"}],"version-history":[{"count":26,"href":"http:\/\/sgrk.nu\/index.php\/wp-json\/wp\/v2\/pages\/72\/revisions"}],"predecessor-version":[{"id":2804,"href":"http:\/\/sgrk.nu\/index.php\/wp-json\/wp\/v2\/pages\/72\/revisions\/2804"}],"wp:attachment":[{"href":"http:\/\/sgrk.nu\/index.php\/wp-json\/wp\/v2\/media?parent=72"}],"curies":[{"name":"wp","href":"https:\/\/api.w.org\/{rel}","templated":true}]}}