{"id":88,"date":"2022-11-06T19:29:49","date_gmt":"2022-11-06T19:29:49","guid":{"rendered":"http:\/\/ridsport.kfmconsulting.se\/?page_id=88"},"modified":"2026-01-07T18:25:23","modified_gmt":"2026-01-07T18:25:23","slug":"resebidrag","status":"publish","type":"page","link":"http:\/\/sgrk.nu\/index.php\/resebidrag\/","title":{"rendered":"Resebidrag"},"content":{"rendered":"\t\t<div data-elementor-type=\"wp-page\" data-elementor-id=\"88\" class=\"elementor elementor-88\">\n\t\t\t\t\t\t\t\t\t<section class=\"elementor-section elementor-top-section elementor-element elementor-element-7818770e elementor-section-boxed elementor-section-height-default elementor-section-height-default\" data-id=\"7818770e\" data-element_type=\"section\">\n\t\t\t\t\t\t<div class=\"elementor-container elementor-column-gap-default\">\n\t\t\t\t\t<div class=\"elementor-column elementor-col-100 elementor-top-column elementor-element elementor-element-6714412\" data-id=\"6714412\" data-element_type=\"column\">\n\t\t\t<div class=\"elementor-widget-wrap elementor-element-populated\">\n\t\t\t\t\t\t\t\t<div class=\"elementor-element elementor-element-5fd91ae9 elementor-widget elementor-widget-text-editor\" data-id=\"5fd91ae9\" data-element_type=\"widget\" data-widget_type=\"text-editor.default\">\n\t\t\t\t<div class=\"elementor-widget-container\">\n\t\t\t<style>\/*! elementor - v3.17.0 - 25-10-2023 *\/\n.elementor-widget-text-editor.elementor-drop-cap-view-stacked .elementor-drop-cap{background-color:#69727d;color:#fff}.elementor-widget-text-editor.elementor-drop-cap-view-framed .elementor-drop-cap{color:#69727d;border:3px solid;background-color:transparent}.elementor-widget-text-editor:not(.elementor-drop-cap-view-default) .elementor-drop-cap{margin-top:8px}.elementor-widget-text-editor:not(.elementor-drop-cap-view-default) .elementor-drop-cap-letter{width:1em;height:1em}.elementor-widget-text-editor .elementor-drop-cap{float:left;text-align:center;line-height:1;font-size:50px}.elementor-widget-text-editor .elementor-drop-cap-letter{display:inline-block}<\/style>\t\t\t\t<p>St\u00f6d<strong> f\u00f6r t\u00e4vlingsresor till fastlandet<\/strong><br>Grunden f\u00f6r SGRK:s resest\u00f6d (b\u00e5tresor) till t\u00e4vlingar utanf\u00f6r Gotland \u00e4r att vi f\u00f6ljer de regler och ers\u00e4ttningsniv\u00e5er som fastst\u00e4lls av Gotlands Idrottsf\u00f6rbund, Gotlands Ridsportf\u00f6rbund, Destination Gotland och i vissa fall Region Gotland.<\/p>\n<p><!-- \/wp:paragraph --><\/p>\n<p><!-- wp:paragraph --><\/p>\n<p><strong>S\u00e5 bokar man en resa<\/strong><br>Ansvarig f\u00f6r resebokningarna i klubben \u00e4r Malin Lundgren, malin.lundgren@sgrk.nu. Skicka g\u00e4rna ett sms till Malin p\u00e5 070-741 34 23 n\u00e4r du mailat f\u00f6r snabbare hantering. Alla t\u00e4vlingsresor m\u00e5ste bokas via klubben genom Malin. \u00c4ven resor till fastlandstr\u00e4ningar b\u00f6r bokas via klubben, dels f\u00f6r att det blir lite billigare f\u00f6r dig som reser eftersom ni f\u00e5r s\u00e5 kallad Idrottsrabatt men ocks\u00e5 f\u00f6r att marknadsbidraget fr\u00e5n Destination Gotland till ridsporten \u00f6kar om det \u00e4r m\u00e5nga bokningar i den officiella statistiken.<\/p>\n<p><!-- \/wp:paragraph --><\/p>\n<p><!-- wp:paragraph --><\/p>\n<p>Vid bokning \u00e4r det v\u00e4ldigt viktigt att alla uppgifter \u00e4r kompletta och korrekt angivna f\u00f6r att undvika dr\u00f6jsm\u00e5l i samband med bokningen och f\u00f6r att bokningsansvarig skall slippa jaga r\u00e4tt information inf\u00f6r varje bokning.<br>Med biljettbest\u00e4llningen SKALL f\u00f6ljande info finnas:<\/p>\n<p><!-- \/wp:paragraph --><\/p>\n<p><!-- wp:list --><\/p>\n<ul>\n<li style=\"list-style-type: none;\">\n<ul><!-- wp:list-item --><\/ul>\n<\/li>\n<\/ul>\n<ul>\n<li style=\"list-style-type: none;\">\n<ul>\n<li>Namn p\u00e5 resen\u00e4rerna samt personnummer (de 6 f\u00f6rsta siffrorna)<\/li>\n<\/ul>\n<\/li>\n<\/ul>\n<p><!-- \/wp:list-item --><\/p>\n<p><!-- wp:list-item --><\/p>\n<ul>\n<li style=\"list-style-type: none;\">\n<ul>\n<li>Det skall framg\u00e5 vilka som \u00e4r den\/de t\u00e4vlande av ovan personer<\/li>\n<\/ul>\n<\/li>\n<\/ul>\n<p><!-- \/wp:list-item --><\/p>\n<p><!-- wp:list-item --><\/p>\n<ul>\n<li style=\"list-style-type: none;\">\n<ul>\n<li>Vart t\u00e4vlingen \u00e4r (ort)<\/li>\n<\/ul>\n<\/li>\n<\/ul>\n<p><!-- \/wp:list-item --><\/p>\n<p><!-- wp:list-item --><\/p>\n<ul>\n<li style=\"list-style-type: none;\">\n<ul>\n<li>Vilken hamn f\u00f6r b\u00e5de tur- och returresan (\u00e4r inte alltid densamma)<\/li>\n<\/ul>\n<\/li>\n<\/ul>\n<p><!-- \/wp:list-item --><\/p>\n<p><!-- wp:list-item --><\/p>\n<ul>\n<li style=\"list-style-type: none;\">\n<ul>\n<li>Datum, dag och tid f\u00f6r avresan (allts\u00e5 inte bara \u201dkv\u00e4llsb\u00e5ten\u201d)<\/li>\n<\/ul>\n<\/li>\n<\/ul>\n<p><!-- \/wp:list-item --><\/p>\n<p><!-- wp:list-item --><\/p>\n<ul>\n<li style=\"list-style-type: none;\">\n<ul>\n<li>Eventuell plats\u00f6nskem\u00e5l ombord (akter, f\u00f6rlig, barn, djur, kup\u00e9)<\/li>\n<\/ul>\n<\/li>\n<\/ul>\n<p><!-- \/wp:list-item --><\/p>\n<p><!-- wp:list-item --><\/p>\n<ul>\n<li style=\"list-style-type: none;\">\n<ul>\n<li>Registreringsnummer p\u00e5 dragbil\/lastbil<\/li>\n<\/ul>\n<\/li>\n<\/ul>\n<p><!-- \/wp:list-item --><\/p>\n<p><!-- wp:list-item --><\/p>\n<ul>\n<li style=\"list-style-type: none;\">\n<ul>\n<li>Mobilnummer samt mejladress till den som skall ha fakturan<\/li>\n<\/ul>\n<\/li>\n<\/ul>\n<p><!-- \/wp:list-item --><\/p>\n<p><!-- \/wp:list --><\/p>\n<p><!-- wp:paragraph --><\/p>\n<p><span style=\"color: var( --e-global-color-text ); font-family: var( --e-global-typography-text-font-family ), Sans-serif; font-weight: var( --e-global-typography-text-font-weight );\">Om- eller avbokningar ombes\u00f6rjs av den resande sj\u00e4lv i direkt kontakt med Destination Gotland, men viktigt att uppge \u00e4ndring\/ny biljett till Malin s\u00e5 hon f\u00e5r in r\u00e4tt uppgifter.<\/span><\/p>\n<p><span style=\"color: var( --e-global-color-text ); font-family: var( --e-global-typography-text-font-family ), Sans-serif; font-weight: var( --e-global-typography-text-font-weight );\">Till sist, spara era fakturor\/biljetter (f\u00f6r eventuell senare kontroll) och skicka en sammanst\u00e4llning p\u00e5 dina resor till bokningsansvarig senast 30 juni och 31 december.<\/span><\/p>\n<p><!-- \/wp:paragraph --><\/p>\n<p><!-- wp:paragraph --><\/p>\n<p>N\u00e4r vi bokat din resa skickas en bokningsbekr\u00e4ftelse och en betall\u00e4nk, via e-post och\/eller sms, till dig som ska resa, allts\u00e5 precis som n\u00e4r du reser privat.&nbsp;<br>Du sj\u00e4lv betalar resan direkt till Destination Gotland senast det datum som anges p\u00e5 betall\u00e4nken. Om det \u00e4r n\u00e4ra inp\u00e5 avresa \u00e4r det b\u00e4st att betala med kort via Destination Gotlands hemsida. Har du inte betalat resan i tid sl\u00e4pps du inte ombord.<\/p>\n<p><!-- \/wp:paragraph --><\/p>\n<p><!-- wp:paragraph --><\/p>\n<p><\/p>\n<p><!-- \/wp:paragraph --><\/p>\n<p><!-- wp:paragraph --><\/p>\n<p>OBSERVERA! Har man inte f\u00e5tt sin bokning efter 2 dagar s\u00e5 kontakta Malin igen f\u00f6r koll om n\u00e5got blivit fel i bokningen. Kom \u00e4ven ih\u00e5g att betala din bokning i tid (bokning inom 23 dagar ska direktbetalas). Det ligger i var och ens eget intresse att ha koll p\u00e5 att man f\u00e5tt sin bokning och att den betalas. Kontrollera att alla uppgifter st\u00e4mmer och finns med. Det tar l\u00e4ngre tid om Malin ska \u00e5terkoppla flera ggr mellan resen\u00e4ren och Idrottsresor. Hon kan inte h\u00e5lla koll p\u00e5 resemailen varje dag i och med den ligger som egen mail. Idrottsresor har endast \u00f6ppet vardagar 9.00-16.30 (lunch 12-13).<br>Och boka i god tid! Speciellt sommarm\u00e5naderna, d\u00e5 kr\u00e4vs det minst 1-2 m\u00e5nader i f\u00f6rv\u00e4g.<\/p>\n<p><!-- \/wp:paragraph --><\/p>\n<p><!-- wp:paragraph --><\/p>\n<p><strong>S\u00e5 s\u00f6ker man resebidrag<\/strong><\/p>\n<p><!-- \/wp:paragraph --><\/p>\n<p><!-- wp:list --><\/p>\n<ul>\n<li style=\"list-style-type: none;\">\n<ul><!-- wp:list-item --><\/ul>\n<\/li>\n<\/ul>\n<ul>\n<li style=\"list-style-type: none;\">\n<ul>\n<li>Man f\u00e5r endast s\u00f6ka bidrag f\u00f6r resa till t\u00e4vling arrangerad av klubb ansluten till Svenska eller internationella Ridsportf\u00f6rbundet. <br>Man m\u00e5ste t\u00e4vla \u00e4ven p\u00e5 Gotland.<br>Motsvarande klasser f\u00e5r inte f\u00f6rekomma hemma samtidigt.<br>Ett ekipage avser alltid 2 personer, 1 ryttare och 1 chauff\u00f6r eller h\u00e4stsk\u00f6tare eller groom.<br>I k\u00f6rningen kan man \u00e4ven f\u00e5 extra bidrag f\u00f6r att f\u00e5 med vagnar p\u00e5 ytterligare en bil eller sl\u00e4p. M\u00e5ste du tydligt anges i resebidragsans\u00f6kan att det avser k\u00f6rningen och varf\u00f6r man m\u00e5ste ha med ett extra fordonsekipage p\u00e5 b\u00e5ten.<br>F\u00f6r FU-ekipage i k\u00f6rning g\u00e4ller vid t\u00e4vling d\u00e4r FEI:s reglemente g\u00e4ller att man f\u00e5r \u00e5ka med totalt 3 personer.<br>Var noga n\u00e4r ni skriver i resebidragsans\u00f6kan att ange diciplin, t\u00e4vlingsniv\u00e5 (h\u00f6gsta klass man startar p\u00e5 t\u00e4vlingen) och om det \u00e4r ett ekipage som t\u00e4vlar inom Para.<\/li>\n<\/ul>\n<\/li>\n<\/ul>\n<p><!-- \/wp:list-item --><\/p>\n<p><!-- wp:list-item --><\/p>\n<ul>\n<li style=\"list-style-type: none;\">\n<ul>\n<li>Resest\u00f6det betalas i efterskott halv\u00e5rsvis.&nbsp;<\/li>\n<\/ul>\n<\/li>\n<\/ul>\n<p><!-- \/wp:list-item --><\/p>\n<p><!-- wp:list-item --><\/p>\n<ul>\n<li style=\"list-style-type: none;\">\n<ul>\n<li>St\u00f6d f\u00f6r resor gjorda mellan 1 januari och 30 juni betalas ut p\u00e5 h\u00f6sten. Kvitto skall skickas senast 30 juni. St\u00f6d f\u00f6r resor gjorda mellan 1 juli och 31 december betalas ut p\u00e5 v\u00e5ren.<\/li>\n<\/ul>\n<\/li>\n<\/ul>\n<p><!-- \/wp:list-item --><\/p>\n<p><!-- wp:list-item --><\/p>\n<ul>\n<li style=\"list-style-type: none;\">\n<ul>\n<li>Reseers\u00e4ttningen f\u00f6r 2026 \u00e4r inte best\u00e4md \u00e4nnu utan kommer att diskuteras p\u00e5 \u00e5rsm\u00f6tet i februari.&nbsp;<\/li>\n<\/ul>\n<\/li>\n<\/ul>\n<p><!-- \/wp:list-item --><\/p>\n<p><!-- wp:list-item --><\/p>\n<ul>\n<li style=\"list-style-type: none;\">\n<ul>\n<li>F\u00f6r att kunna f\u00e5 resest\u00f6d m\u00e5ste man vara medlem och t\u00e4vla f\u00f6r S\u00f6dra Gotlands Rid- och K\u00f6rklubb samt ha uppfyllt hela sin arbetsplikt.<\/li>\n<\/ul>\n<\/li>\n<\/ul>\n<p><!-- \/wp:list-item --><\/p>\n<p><!-- wp:list-item --><\/p>\n<ul>\n<li style=\"list-style-type: none;\">\n<ul>\n<li>Det finns ingen begr\u00e4nsning i hur m\u00e5nga resor man kan g\u00f6ra under en s\u00e4song.<\/li>\n<\/ul>\n<\/li>\n<\/ul>\n<p><!-- \/wp:list-item --><\/p>\n<p><!-- wp:list-item --><\/p>\n<ul>\n<li style=\"list-style-type: none;\">\n<ul>\n<li>Det finns inga villkor p\u00e5 vilka klasser man m\u00e5ste t\u00e4vla i.<\/li>\n<\/ul>\n<\/li>\n<\/ul>\n<p><!-- \/wp:list-item --><\/p>\n<p><!-- wp:list-item --><\/p>\n<ul>\n<li style=\"list-style-type: none;\">\n<ul>\n<li>Det f\u00e5r inte finnas motsvarande t\u00e4vlingar\/klasser p\u00e5 Gotland under de datum man reser.<\/li>\n<\/ul>\n<\/li>\n<\/ul>\n<p><!-- \/wp:list-item --><\/p>\n<p><!-- \/wp:list --><\/p>\t\t\t\t\t\t<\/div>\n\t\t\t\t<\/div>\n\t\t\t\t\t<\/div>\n\t\t<\/div>\n\t\t\t\t\t\t\t<\/div>\n\t\t<\/section>\n\t\t\t\t\t\t\t<\/div>\n\t\t","protected":false},"excerpt":{"rendered":"<p>St\u00f6d f\u00f6r t\u00e4vlingsresor till fastlandetGrunden f\u00f6r SGRK:s resest\u00f6d (b\u00e5tresor) till t\u00e4vlingar utanf\u00f6r Gotland \u00e4r att vi f\u00f6ljer de regler och&#8230;<\/p>\n","protected":false},"author":1,"featured_media":0,"parent":0,"menu_order":0,"comment_status":"closed","ping_status":"closed","template":"","meta":{"footnotes":""},"class_list":["post-88","page","type-page","status-publish","hentry"],"_links":{"self":[{"href":"http:\/\/sgrk.nu\/index.php\/wp-json\/wp\/v2\/pages\/88","targetHints":{"allow":["GET"]}}],"collection":[{"href":"http:\/\/sgrk.nu\/index.php\/wp-json\/wp\/v2\/pages"}],"about":[{"href":"http:\/\/sgrk.nu\/index.php\/wp-json\/wp\/v2\/types\/page"}],"author":[{"embeddable":true,"href":"http:\/\/sgrk.nu\/index.php\/wp-json\/wp\/v2\/users\/1"}],"replies":[{"embeddable":true,"href":"http:\/\/sgrk.nu\/index.php\/wp-json\/wp\/v2\/comments?post=88"}],"version-history":[{"count":24,"href":"http:\/\/sgrk.nu\/index.php\/wp-json\/wp\/v2\/pages\/88\/revisions"}],"predecessor-version":[{"id":2807,"href":"http:\/\/sgrk.nu\/index.php\/wp-json\/wp\/v2\/pages\/88\/revisions\/2807"}],"wp:attachment":[{"href":"http:\/\/sgrk.nu\/index.php\/wp-json\/wp\/v2\/media?parent=88"}],"curies":[{"name":"wp","href":"https:\/\/api.w.org\/{rel}","templated":true}]}}