{"id":90,"date":"2022-11-06T19:29:58","date_gmt":"2022-11-06T19:29:58","guid":{"rendered":"http:\/\/ridsport.kfmconsulting.se\/?page_id=90"},"modified":"2024-05-26T09:02:42","modified_gmt":"2024-05-26T09:02:42","slug":"traningsbidrag","status":"publish","type":"page","link":"http:\/\/sgrk.nu\/index.php\/traningsbidrag\/","title":{"rendered":"Tr\u00e4ningsbidrag"},"content":{"rendered":"\t\t<div data-elementor-type=\"wp-page\" data-elementor-id=\"90\" class=\"elementor elementor-90\">\n\t\t\t\t\t\t\t\t\t<section class=\"elementor-section elementor-top-section elementor-element elementor-element-495735ac elementor-section-boxed elementor-section-height-default elementor-section-height-default\" data-id=\"495735ac\" data-element_type=\"section\">\n\t\t\t\t\t\t<div class=\"elementor-container elementor-column-gap-default\">\n\t\t\t\t\t<div class=\"elementor-column elementor-col-100 elementor-top-column elementor-element elementor-element-45abbd1f\" data-id=\"45abbd1f\" data-element_type=\"column\">\n\t\t\t<div class=\"elementor-widget-wrap elementor-element-populated\">\n\t\t\t\t\t\t\t\t<div class=\"elementor-element elementor-element-7c20689e elementor-widget elementor-widget-text-editor\" data-id=\"7c20689e\" data-element_type=\"widget\" data-widget_type=\"text-editor.default\">\n\t\t\t\t<div class=\"elementor-widget-container\">\n\t\t\t<style>\/*! elementor - v3.17.0 - 25-10-2023 *\/\n.elementor-widget-text-editor.elementor-drop-cap-view-stacked .elementor-drop-cap{background-color:#69727d;color:#fff}.elementor-widget-text-editor.elementor-drop-cap-view-framed .elementor-drop-cap{color:#69727d;border:3px solid;background-color:transparent}.elementor-widget-text-editor:not(.elementor-drop-cap-view-default) .elementor-drop-cap{margin-top:8px}.elementor-widget-text-editor:not(.elementor-drop-cap-view-default) .elementor-drop-cap-letter{width:1em;height:1em}.elementor-widget-text-editor .elementor-drop-cap{float:left;text-align:center;line-height:1;font-size:50px}.elementor-widget-text-editor .elementor-drop-cap-letter{display:inline-block}<\/style>\t\t\t\t<p><!-- wp:paragraph --><\/p>\n<p>Att ge medlemmarna b\u00e4sta m\u00f6jliga f\u00f6ruts\u00e4ttningar f\u00f6r tr\u00e4ning \u00e4r en av ridklubbens viktigaste uppgifter. Klubben har tr\u00e4nare knutna till klubben f\u00f6r vilka medlemmarna erbjuds regelbunden veckotr\u00e4ning vid anl\u00e4ggningarna, Havdhems Ridhus och Gropen.<\/p>\n<p><!-- \/wp:paragraph --><\/p>\n<p><!-- wp:paragraph --><\/p>\n<p>Ocks\u00e5 andra tr\u00e4ningsformer i klubbens regi f\u00f6rekommer. Dels grenspecifika tr\u00e4ningsprojekt med inbjudna instrukt\u00f6rer\/tr\u00e4nare som under en begr\u00e4nsad tidsperiod, exempelvis en helg, jobbar med v\u00e5ra ryttare eller kuskar. \u00c4ven s\u00e4rskilda tr\u00e4ningar inf\u00f6r lagt\u00e4vlingar f\u00f6rekommer.<\/p>\n<p><!-- \/wp:paragraph --><\/p>\n<p><!-- wp:paragraph --><\/p>\n<p>Att delta i tr\u00e4ningar \u00e4r givetvis frivilligt och den ekonomiska grunden \u00e4r att ryttare och kuskar sj\u00e4lva bekostar den regelbundna veckotr\u00e4ningen. Vid projekt med inbjudna instrukt\u00f6rer\/tr\u00e4nare och tr\u00e4ning inf\u00f6r lagt\u00e4vlingar kan klubben, om det ekonomiska utrymmet finns, subventionera en del av kostnaden genom att utge bidrag till deltagande ekipage.<\/p>\n<p><!-- \/wp:paragraph --><\/p>\n<p><!-- wp:paragraph --><\/p>\n<p>Bidraget ska s\u00f6kas i f\u00f6rv\u00e4g i god tid innan tr\u00e4ningstillf\u00e4llet. Ans\u00f6kan ska inneh\u00e5lla namn p\u00e5 deltagande kusk eller ryttare, namn p\u00e5 tr\u00e4nare, var tr\u00e4ningen \u00e4r planerad att \u00e4ga rum, syftet med tr\u00e4ningen samt kostnaden.<br \/>Styrelsen tar i varje enskilt fall, st\u00e4llning till ans\u00f6kan och beviljar eller avsl\u00e5r.<\/p>\n<p><!-- \/wp:paragraph --><\/p>\n<p><!-- wp:paragraph --><\/p>\n<p>Exempel p\u00e5 tr\u00e4ningar som \u00e4r m\u00f6jliga att s\u00f6ka bidrag f\u00f6r:<\/p>\n<p><!-- \/wp:paragraph --><\/p>\n<p><!-- wp:list --><\/p>\n<ul>\n<li>Fastlandstr\u00e4nare som kommer till \u00f6n och d\u00e4r kostnaden f\u00f6r tr\u00e4ningen \u00e4r h\u00f6g p\u00e5 grund av tr\u00e4narens resekostnader, uppeh\u00e4lle mm.<\/li>\n<li>Enstaka tr\u00e4ningstillf\u00e4llen p\u00e5 elitniv\u00e5 p\u00e5 fastlandet. Exempelvis landslagssamlingar, talangprojekt till vilka unga ryttare eller kuskar blivit uttagna.<\/li>\n<li>Tr\u00e4ning inf\u00f6r lagt\u00e4vlingar.<\/li>\n<\/ul>\n<p><!-- \/wp:list --><\/p>\n<p><!-- wp:paragraph --><\/p>\n<p>Maxbeloppet en enskild kusk eller ryttare kan beviljas \u00e4r f\u00f6r 500 kronor f\u00f6r 2024.<\/p>\n<p>Anv\u00e4nd g\u00e4rna nedanst\u00e5ende ans\u00f6kningsblankett. Den skickas sedan till <a href=\"mailto:maria.johansson@sgrk.nu\">maria.johansson@sgrk.nu<\/a>.<\/p>\n<p><!-- \/wp:paragraph --><\/p>\t\t\t\t\t\t<\/div>\n\t\t\t\t<\/div>\n\t\t\t\t\t<\/div>\n\t\t<\/div>\n\t\t\t\t\t\t\t<\/div>\n\t\t<\/section>\n\t\t\t\t<section class=\"elementor-section elementor-top-section elementor-element elementor-element-bcca43e elementor-section-stretched elementor-section-boxed elementor-section-height-default elementor-section-height-default\" data-id=\"bcca43e\" data-element_type=\"section\" data-settings=\"{&quot;stretch_section&quot;:&quot;section-stretched&quot;,&quot;background_background&quot;:&quot;classic&quot;}\">\n\t\t\t\t\t\t<div class=\"elementor-container elementor-column-gap-default\">\n\t\t\t\t\t<div class=\"elementor-column elementor-col-100 elementor-top-column elementor-element elementor-element-7e76c2b\" data-id=\"7e76c2b\" data-element_type=\"column\">\n\t\t\t<div class=\"elementor-widget-wrap elementor-element-populated\">\n\t\t\t\t\t\t\t\t<div class=\"elementor-element elementor-element-a7d1f94 elementor-icon-list--layout-traditional elementor-list-item-link-full_width elementor-widget elementor-widget-icon-list\" data-id=\"a7d1f94\" data-element_type=\"widget\" data-widget_type=\"icon-list.default\">\n\t\t\t\t<div class=\"elementor-widget-container\">\n\t\t\t<link rel=\"stylesheet\" href=\"http:\/\/sgrk.nu\/wp-content\/plugins\/elementor\/assets\/css\/widget-icon-list.min.css\">\t\t<ul class=\"elementor-icon-list-items\">\n\t\t\t\t\t\t\t<li class=\"elementor-icon-list-item\">\n\t\t\t\t\t\t\t\t\t\t\t<a href=\"http:\/\/sgrk.nu\/wp-content\/uploads\/2023\/02\/SGRK-ansokan-traningsbidrag.docx\">\n\n\t\t\t\t\t\t\t\t\t\t\t\t<span class=\"elementor-icon-list-icon\">\n\t\t\t\t\t\t\t<i aria-hidden=\"true\" class=\"far fa-file\"><\/i>\t\t\t\t\t\t<\/span>\n\t\t\t\t\t\t\t\t\t\t<span class=\"elementor-icon-list-text\">Ans\u00f6kan f\u00f6r tr\u00e4ningsbidrag<\/span>\n\t\t\t\t\t\t\t\t\t\t\t<\/a>\n\t\t\t\t\t\t\t\t\t<\/li>\n\t\t\t\t\t\t<\/ul>\n\t\t\t\t<\/div>\n\t\t\t\t<\/div>\n\t\t\t\t\t<\/div>\n\t\t<\/div>\n\t\t\t\t\t\t\t<\/div>\n\t\t<\/section>\n\t\t\t\t\t\t\t<\/div>\n\t\t","protected":false},"excerpt":{"rendered":"<p>Att ge medlemmarna b\u00e4sta m\u00f6jliga f\u00f6ruts\u00e4ttningar f\u00f6r tr\u00e4ning \u00e4r en av ridklubbens viktigaste uppgifter. Klubben har tr\u00e4nare knutna till klubben&#8230;<\/p>\n","protected":false},"author":1,"featured_media":0,"parent":0,"menu_order":0,"comment_status":"closed","ping_status":"closed","template":"","meta":{"footnotes":""},"class_list":["post-90","page","type-page","status-publish","hentry"],"_links":{"self":[{"href":"http:\/\/sgrk.nu\/index.php\/wp-json\/wp\/v2\/pages\/90","targetHints":{"allow":["GET"]}}],"collection":[{"href":"http:\/\/sgrk.nu\/index.php\/wp-json\/wp\/v2\/pages"}],"about":[{"href":"http:\/\/sgrk.nu\/index.php\/wp-json\/wp\/v2\/types\/page"}],"author":[{"embeddable":true,"href":"http:\/\/sgrk.nu\/index.php\/wp-json\/wp\/v2\/users\/1"}],"replies":[{"embeddable":true,"href":"http:\/\/sgrk.nu\/index.php\/wp-json\/wp\/v2\/comments?post=90"}],"version-history":[{"count":17,"href":"http:\/\/sgrk.nu\/index.php\/wp-json\/wp\/v2\/pages\/90\/revisions"}],"predecessor-version":[{"id":1521,"href":"http:\/\/sgrk.nu\/index.php\/wp-json\/wp\/v2\/pages\/90\/revisions\/1521"}],"wp:attachment":[{"href":"http:\/\/sgrk.nu\/index.php\/wp-json\/wp\/v2\/media?parent=90"}],"curies":[{"name":"wp","href":"https:\/\/api.w.org\/{rel}","templated":true}]}}